{"id":628,"date":"2022-12-21T13:11:47","date_gmt":"2022-12-21T13:11:47","guid":{"rendered":"https:\/\/melcominternational.eu\/?page_id=628"},"modified":"2022-12-21T16:33:36","modified_gmt":"2022-12-21T16:33:36","slug":"papers-and-abstracts-2019","status":"publish","type":"page","link":"https:\/\/melcominternational.eu\/index.php\/papers-and-abstracts-2019\/","title":{"rendered":"Papers and Abstracts 2019"},"content":{"rendered":"\n<div id=\"wp-block-themeisle-blocks-advanced-columns-2c3e5346\" class=\"wp-block-themeisle-blocks-advanced-columns has-1-columns has-desktop-equal-layout has-tablet-equal-layout has-mobile-equal-layout has-vertical-unset\"><div class=\"wp-block-themeisle-blocks-advanced-columns-overlay\"><\/div><div class=\"innerblocks-wrap\">\n<div id=\"wp-block-themeisle-blocks-advanced-column-e7ccb5f4\" class=\"wp-block-themeisle-blocks-advanced-column\">\n<h2 class=\"has-text-color has-large-font-size wp-block-heading\" style=\"color:#009080\">Papers and Abstracts 2019<br><\/h2>\n\n\n\n<h2 class=\"has-text-color has-medium-font-size wp-block-heading\" style=\"color:#009080\"><a href=\"https:\/\/melcominternational.eu\/wp-content\/uploads\/2022\/12\/2019_abstracts.pdf\" data-type=\"URL\" data-id=\"https:\/\/melcominternational.eu\/wp-content\/uploads\/2022\/12\/2019_abstracts.pdf\">Abstracts<\/a><\/h2>\n\n\n\n<h2 class=\"has-text-color has-medium-font-size wp-block-heading\" style=\"color:#009080\">Papers<\/h2>\n\n\n\n<ul class=\"has-black-color has-text-color has-medium-font-size wp-block-list\"><li><strong>Abu Baker, Muneer: <\/strong><a href=\"https:\/\/melcominternational.eu\/wp-content\/uploads\/2022\/12\/ABUBAKER_2019.pdf\" data-type=\"URL\" data-id=\"https:\/\/melcominternational.eu\/wp-content\/uploads\/2022\/12\/ABUBAKER_2019.pdf\">United Arab Emirates National Archives: Prospects and Challenges and the Role of Zayed University in Filling the Gap<\/a><\/li><li><strong>Adam, Volker: <\/strong><a href=\"https:\/\/melcominternational.eu\/wp-content\/uploads\/2022\/12\/ADAM-_2019.pdf\" data-type=\"URL\" data-id=\"https:\/\/melcominternational.eu\/wp-content\/uploads\/2022\/12\/ADAM-_2019.pdf\">The Library of the Deutsche Morgenl\u00e4ndische Gesellschaft (DMG): Emergence, Growth and Future Challenges<\/a><\/li><li><strong>Akhoun-Schwarb, Dominique:<\/strong> <a href=\"https:\/\/melcominternational.eu\/wp-content\/uploads\/2022\/12\/AKHOUN_2019.pdf\" data-type=\"URL\" data-id=\"https:\/\/melcominternational.eu\/wp-content\/uploads\/2022\/12\/AKHOUN_2019.pdf\">Advocating the role &amp; worth of languages &amp; cultures specialist librarians<\/a><\/li><li><strong>Andriyanova, Olga; Ghafourian, Asyeh and Guichard, Benjamin:<\/strong> <a href=\"https:\/\/melcominternational.eu\/wp-content\/uploads\/2022\/12\/ANDRIYANOVA_GHAFOURIAN_GUICHARD_2019.pdf\" data-type=\"URL\" data-id=\"https:\/\/melcominternational.eu\/wp-content\/uploads\/2022\/12\/ANDRIYANOVA_GHAFOURIAN_GUICHARD_2019.pdf\">Multilingual person names and Arabic script in authority files and research databases : the Mistara Project<\/a><\/li><li><strong>Aydin, Sel\u00e7uk and Kalin, Cihan: <\/strong><a href=\"https:\/\/melcominternational.eu\/wp-content\/uploads\/2022\/12\/AYDIN_KALIN_2019.pdf\" data-type=\"URL\" data-id=\"https:\/\/melcominternational.eu\/wp-content\/uploads\/2022\/12\/AYDIN_KALIN_2019.pdf\">Written and Printed Cultural Heritage Items and Their Digitization Works in Turkish Libraries<\/a><\/li><li><strong>Baarda, Tijmen:<\/strong> <a href=\"https:\/\/melcominternational.eu\/wp-content\/uploads\/2022\/12\/BARDAA_2019.pdf\" data-type=\"URL\" data-id=\"https:\/\/melcominternational.eu\/wp-content\/uploads\/2022\/12\/BARDAA_2019.pdf\">Adding Arabic script to old records<\/a><\/li><li><strong>Cathelineau, Anne Sylvie: <\/strong><a href=\"https:\/\/melcominternational.eu\/wp-content\/uploads\/2022\/12\/CATHELINEAU_2019.pdf\" data-type=\"URL\" data-id=\"https:\/\/melcominternational.eu\/wp-content\/uploads\/2022\/12\/CATHELINEAU_2019.pdf\">La recotation des collections de la Biblioth\u00e8que Orient &#8211; Monde arabe<\/a><\/li><li><strong>Cortese, Claudio and Alifuoco, Gennaro: <\/strong><a href=\"https:\/\/melcominternational.eu\/wp-content\/uploads\/2022\/12\/CORTESE_ALIFUOCO_2019.pdf\" data-type=\"URL\" data-id=\"https:\/\/melcominternational.eu\/wp-content\/uploads\/2022\/12\/CORTESE_ALIFUOCO_2019.pdf\">Middle East manuscripts of the National Library of Naples: new models of fruition and interoperability using DSpace GLAM<\/a><\/li><li><strong>Croom, Philip:<\/strong> <a href=\"https:\/\/melcominternational.eu\/wp-content\/uploads\/2022\/12\/CROOM_2019.pdf\" data-type=\"URL\" data-id=\"https:\/\/melcominternational.eu\/wp-content\/uploads\/2022\/12\/CROOM_2019.pdf\">Moftah Coptic Collections at The American University In Cairo<\/a><\/li><li><strong>Declich, Lorenzo: <\/strong><a href=\"https:\/\/melcominternational.eu\/wp-content\/uploads\/2022\/12\/DECLICH_2019.pdf\" data-type=\"URL\" data-id=\"https:\/\/melcominternational.eu\/wp-content\/uploads\/2022\/12\/DECLICH_2019.pdf\">A short history of the IsIAO library and its Middle East and North Africa collections<\/a><\/li><li><strong>Drechsler, Andreas:<\/strong> <a href=\"https:\/\/melcominternational.eu\/wp-content\/uploads\/2022\/12\/DRECHSLER_2019.pdf\" data-type=\"URL\" data-id=\"https:\/\/melcominternational.eu\/wp-content\/uploads\/2022\/12\/DRECHSLER_2019.pdf\">Buying Books in Teheran: Revolution street April 2019<\/a><\/li><li><strong>Faghihi, Yasmin:<\/strong> <a href=\"https:\/\/melcominternational.eu\/wp-content\/uploads\/2022\/12\/FAGHIHI_2019.pdf\" data-type=\"URL\" data-id=\"https:\/\/melcominternational.eu\/wp-content\/uploads\/2022\/12\/FAGHIHI_2019.pdf\">The new FIHRIST<\/a><\/li><li><strong>Farooq, Waseem:<\/strong> <a href=\"https:\/\/melcominternational.eu\/wp-content\/uploads\/2022\/12\/FAROOQ_2019.pdf\" data-type=\"URL\" data-id=\"https:\/\/melcominternational.eu\/wp-content\/uploads\/2022\/12\/FAROOQ_2019.pdf\">Changing Management Structures : the impact on subject specialists, and how to remain relevant<\/a><\/li><li><strong>Grandlaunay, Ren\u00e9-Vincent du: <\/strong><a href=\"https:\/\/melcominternational.eu\/wp-content\/uploads\/2022\/12\/GRANDLAUNAY_2019.pdf\" data-type=\"URL\" data-id=\"https:\/\/melcominternational.eu\/wp-content\/uploads\/2022\/12\/GRANDLAUNAY_2019.pdf\">The AlKindi catalog and RDA description of manuscripts<\/a><\/li><li><strong>Guesdon, Marie-Genevi\u00e8ve and Chakor-Alami, Khalid:<\/strong> <a href=\"https:\/\/melcominternational.eu\/wp-content\/uploads\/2022\/12\/GUESDON_2019.pdf\" data-type=\"URL\" data-id=\"https:\/\/melcominternational.eu\/wp-content\/uploads\/2022\/12\/GUESDON_2019.pdf\">Des histoires en langues diverses, en caract\u00e8res arabes, collect\u00e9es par Jean-Louis Asselin de Cherville et conserv\u00e9es \u00e0 la BnF<\/a><\/li><li><strong>Hughes, Heather and Kropf, Evyn: <\/strong><a href=\"https:\/\/melcominternational.eu\/wp-content\/uploads\/2022\/12\/HUGHES_2019.pdf\" data-type=\"URL\" data-id=\"https:\/\/melcominternational.eu\/wp-content\/uploads\/2022\/12\/HUGHES_2019.pdf\">MELA Survey on Digital Scholarship<\/a><\/li><li><strong>Ibarra, Maria Bego\u00f1a and Sekulova, Wassilena:<\/strong> <a href=\"https:\/\/melcominternational.eu\/wp-content\/uploads\/2022\/12\/IBARRA_2019.pdf\" data-type=\"URL\" data-id=\"https:\/\/melcominternational.eu\/wp-content\/uploads\/2022\/12\/IBARRA_2019.pdf\">The heritage collection of Qatar national library: the future of the past<\/a><\/li><li><strong>Khosrowpour, Shahrzad and Nawar, Essraa:<\/strong> <a href=\"https:\/\/melcominternational.eu\/wp-content\/uploads\/2022\/12\/KHOSROWPOUR_NAWAR_2019.pdf\" data-type=\"URL\" data-id=\"https:\/\/melcominternational.eu\/wp-content\/uploads\/2022\/12\/KHOSROWPOUR_NAWAR_2019.pdf\">The Accidental Middle East Librarians<\/a><\/li><li><strong>Langella, MariaLuisa and Wright, Lydia:<\/strong> <a href=\"https:\/\/melcominternational.eu\/wp-content\/uploads\/2022\/12\/LANGELLA_WRIGHT_2019.pdf\" data-type=\"URL\" data-id=\"https:\/\/melcominternational.eu\/wp-content\/uploads\/2022\/12\/LANGELLA_WRIGHT_2019.pdf\">Middle Eastern &amp; Islamic Studies Librarianship at Oxford<\/a><\/li><li><strong>Lowe, Daniel: <\/strong><a href=\"https:\/\/melcominternational.eu\/wp-content\/uploads\/2022\/12\/LOWE_2019.pdf\" data-type=\"URL\" data-id=\"https:\/\/melcominternational.eu\/wp-content\/uploads\/2022\/12\/LOWE_2019.pdf\">Collecting Arab &#8216;Comics&#8217; at the British Library<\/a><\/li><li><strong>Menz, Astrid: <\/strong><a href=\"https:\/\/melcominternational.eu\/wp-content\/uploads\/2022\/12\/MENZ_2019.pdf\" data-type=\"URL\" data-id=\"https:\/\/melcominternational.eu\/wp-content\/uploads\/2022\/12\/MENZ_2019.pdf\">Music at the library of the Orient\u2010Institut Istanbul<\/a><\/li><li><strong>Mora Villarejo, Luisa: <\/strong><a href=\"https:\/\/melcominternational.eu\/wp-content\/uploads\/2022\/12\/MORA_2019.pdf\" data-type=\"URL\" data-id=\"https:\/\/melcominternational.eu\/wp-content\/uploads\/2022\/12\/MORA_2019.pdf\">Islamic Library\u2019s Ibn Arabi \u2013 Hikma award (2019): new perspectives<\/a><\/li><li><strong>Negrini, Lucia:<\/strong> <a href=\"https:\/\/melcominternational.eu\/wp-content\/uploads\/2022\/12\/NEGRINI_2019.pdf\" data-type=\"URL\" data-id=\"https:\/\/melcominternational.eu\/wp-content\/uploads\/2022\/12\/NEGRINI_2019.pdf\">Manus Online and the cataloguing of Arabic manuscripts<\/a><\/li><li><strong>Pehlivanian, Melin\u00e9:<\/strong> <a href=\"https:\/\/melcominternational.eu\/wp-content\/uploads\/2022\/12\/PEHLIVANIAN_2019.pdf\" data-type=\"URL\" data-id=\"https:\/\/melcominternational.eu\/wp-content\/uploads\/2022\/12\/PEHLIVANIAN_2019.pdf\">Manuscript acquisitions of the Oriental Department at the Staatsbibliothek zu Berlin since 2015<\/a><\/li><li><strong>Rebhahn, Helga:<\/strong> <a href=\"https:\/\/melcominternational.eu\/wp-content\/uploads\/2022\/12\/REBHAN_2019.pdf\" data-type=\"URL\" data-id=\"https:\/\/melcominternational.eu\/wp-content\/uploads\/2022\/12\/REBHAN_2019.pdf\">The Oriental Library of Johann Albrecht Widmanstetter (1506-1557): Orientalist, Diplomat and Book Collector<\/a><\/li><li><strong>Sagaria-Rossi, Valentina and Schmidtke, Sabine: <\/strong><a href=\"https:\/\/melcominternational.eu\/wp-content\/uploads\/2022\/12\/SCHMIDTKE_SAGARIAROSSI_2019.pdf\" data-type=\"URL\" data-id=\"https:\/\/melcominternational.eu\/wp-content\/uploads\/2022\/12\/SCHMIDTKE_SAGARIAROSSI_2019.pdf\">The Zaydi Manuscript Tradition (ZMT) Project: Digitizing the Collections of Yemeni Manuscripts in Italian Libraries<\/a><\/li><li><strong>Wachter, Mirja:<\/strong> <a href=\"https:\/\/melcominternational.eu\/wp-content\/uploads\/2022\/12\/WACHTER_2019.pdf\" data-type=\"URL\" data-id=\"https:\/\/melcominternational.eu\/wp-content\/uploads\/2022\/12\/WACHTER_2019.pdf\">Persian incunabula and early lithographs : Historical overview and holdings<\/a><\/li><\/ul>\n\n\n\n<p><\/p>\n\n\n\n<p><\/p>\n\n\n\n<p><\/p>\n<\/div>\n<\/div><\/div>\n","protected":false},"excerpt":{"rendered":"","protected":false},"author":1,"featured_media":268,"parent":0,"menu_order":0,"comment_status":"closed","ping_status":"closed","template":"","meta":{"_themeisle_gutenberg_block_has_review":false,"footnotes":""},"class_list":["post-628","page","type-page","status-publish","has-post-thumbnail","hentry"],"_links":{"self":[{"href":"https:\/\/melcominternational.eu\/index.php\/wp-json\/wp\/v2\/pages\/628","targetHints":{"allow":["GET"]}}],"collection":[{"href":"https:\/\/melcominternational.eu\/index.php\/wp-json\/wp\/v2\/pages"}],"about":[{"href":"https:\/\/melcominternational.eu\/index.php\/wp-json\/wp\/v2\/types\/page"}],"author":[{"embeddable":true,"href":"https:\/\/melcominternational.eu\/index.php\/wp-json\/wp\/v2\/users\/1"}],"replies":[{"embeddable":true,"href":"https:\/\/melcominternational.eu\/index.php\/wp-json\/wp\/v2\/comments?post=628"}],"version-history":[{"count":34,"href":"https:\/\/melcominternational.eu\/index.php\/wp-json\/wp\/v2\/pages\/628\/revisions"}],"predecessor-version":[{"id":708,"href":"https:\/\/melcominternational.eu\/index.php\/wp-json\/wp\/v2\/pages\/628\/revisions\/708"}],"wp:featuredmedia":[{"embeddable":true,"href":"https:\/\/melcominternational.eu\/index.php\/wp-json\/wp\/v2\/media\/268"}],"wp:attachment":[{"href":"https:\/\/melcominternational.eu\/index.php\/wp-json\/wp\/v2\/media?parent=628"}],"curies":[{"name":"wp","href":"https:\/\/api.w.org\/{rel}","templated":true}]}}