{"id":475,"date":"2022-12-19T15:42:29","date_gmt":"2022-12-19T15:42:29","guid":{"rendered":"https:\/\/melcominternational.eu\/?page_id=475"},"modified":"2023-08-10T09:06:17","modified_gmt":"2023-08-10T09:06:17","slug":"papers-2021","status":"publish","type":"page","link":"https:\/\/melcominternational.eu\/index.php\/papers-2021\/","title":{"rendered":"Papers 2021"},"content":{"rendered":"\n<div id=\"wp-block-themeisle-blocks-advanced-columns-50f79f88\" class=\"wp-block-themeisle-blocks-advanced-columns has-1-columns has-desktop-equal-layout has-tablet-equal-layout has-mobile-equal-layout has-vertical-unset\"><div class=\"wp-block-themeisle-blocks-advanced-columns-overlay\"><\/div><div class=\"innerblocks-wrap\">\n<div id=\"wp-block-themeisle-blocks-advanced-column-bb579119\" class=\"wp-block-themeisle-blocks-advanced-column\">\n<h2 class=\"has-text-color has-large-font-size wp-block-heading\" style=\"color:#009080\">Papers 2021<\/h2>\n\n\n\n<ul class=\"has-medium-font-size wp-block-list\"><li><strong>Acar, Senem and Arslan, Sami:<\/strong> <a href=\"https:\/\/melcominternational.eu\/wp-content\/uploads\/2022\/12\/Kopie-von-presentation_melcom_final.pptx.pdf\" data-type=\"URL\" data-id=\"https:\/\/melcominternational.eu\/wp-content\/uploads\/2022\/12\/Kopie-von-presentation_melcom_final.pptx.pdf\">A 19th-century provincial mufti\u2019s outstanding manuscripts collection in Ko\u00e7 University Suna K\u0131ra\u00e7 Library Manuscripts Catalog<\/a><\/li><li><strong>Adam, <strong>Volker<\/strong> and Brenn, <strong>Daniel<\/strong>:<\/strong> <a href=\"https:\/\/melcominternational.eu\/wp-content\/uploads\/2022\/12\/RDMAdam.pdf\" data-type=\"URL\" data-id=\"https:\/\/melcominternational.eu\/wp-content\/uploads\/2022\/12\/RDMAdam.pdf\">RDM and the cultural heritage in the digital age<\/a><\/li><li><strong>Akhundzade, Jamila:<\/strong> <a href=\"https:\/\/melcominternational.eu\/wp-content\/uploads\/2022\/12\/NATIONAL-SCIENTIFIC-HERITAGE.pptx.pdf\" data-type=\"URL\" data-id=\"https:\/\/melcominternational.eu\/wp-content\/uploads\/2022\/12\/NATIONAL-SCIENTIFIC-HERITAGE.pptx.pdf\">National scientific heritage and national digital memory<\/a><\/li><li><strong>Akhoun-Schwarb, Dominique:<\/strong> <a href=\"https:\/\/melcominternational.eu\/wp-content\/uploads\/2022\/12\/MI42-Dominique_Akhoun-Middle-Eastern-Mss-at-SOAS-and-provenance-issues-MAY2021.pdf\" data-type=\"URL\" data-id=\"https:\/\/melcominternational.eu\/wp-content\/uploads\/2022\/12\/MI42-Dominique_Akhoun-Middle-Eastern-Mss-at-SOAS-and-provenance-issues-MAY2021.pdf\">Middle Eastern manuscripts at SOAS Library and their provenance: case study of the Tbilisi Manuscripts<\/a><\/li><li><strong>Azmi, Hesham:<\/strong> Preserving cultural heritage: Egypt&#8217;s experience in retrieving its manuscripts from abroad<\/li><li><strong>Becker, Michael and Hoffmann, Michaela:<\/strong> <a href=\"https:\/\/melcominternational.eu\/wp-content\/uploads\/2022\/12\/Hoffmann-Ruf_project-presentation_2021-05-18.pptx.pdf\" data-type=\"URL\" data-id=\"https:\/\/melcominternational.eu\/wp-content\/uploads\/2022\/12\/Hoffmann-Ruf_project-presentation_2021-05-18.pptx.pdf\">&#8220;Orient-Digital&#8221; &#8211; organisational and technical challenges in dealing with thousands of oriental manuscripts<\/a><\/li><li><strong>Benilous, Bryan:<\/strong> Lessons Learned from Digitizing Arabic Newspapers from the Middle East<\/li><li><strong>Dougherty, Roberta: <\/strong><a href=\"https:\/\/melcominternational.eu\/wp-content\/uploads\/2022\/12\/MELCOM-20210518-Yemeni-MSS-at-Yale.pptx.pdf\" data-type=\"URL\" data-id=\"https:\/\/melcominternational.eu\/wp-content\/uploads\/2022\/12\/MELCOM-20210518-Yemeni-MSS-at-Yale.pptx.pdf\">Collecting for the Library at the Heart of the University: Carlo Landberg and the Yemeni Manuscripts of Yale<\/a><\/li><li><strong>Erg\u00fcl, Mustafa and \u00d6zkan, Naz:<\/strong> <a href=\"https:\/\/melcominternational.eu\/wp-content\/uploads\/2022\/12\/melcomsunum_ME_NO_final.pptx.pdf\" data-type=\"URL\" data-id=\"https:\/\/melcominternational.eu\/wp-content\/uploads\/2022\/12\/melcomsunum_ME_NO_final.pptx.pdf\">Finding Istanbul in the Archives of Suna K\u0131ra\u00e7 Library<\/a><\/li><li><strong>Faghihi, Yasmin and Wright, Lydia:<\/strong> <a href=\"https:\/\/melcominternational.eu\/wp-content\/uploads\/2022\/12\/PP_Lydia_Yasmin_MELCOM-Online-For-MI.pptx.pdf\" data-type=\"URL\" data-id=\"https:\/\/melcominternational.eu\/wp-content\/uploads\/2022\/12\/PP_Lydia_Yasmin_MELCOM-Online-For-MI.pptx.pdf\">Thinking about Middle East Librarianship in the Digital Age<\/a><\/li><li><strong>Hussain, Shah:<\/strong> Prof. Mohammed Arkoun Collection &amp; Archives at the Aga Khan Library, London<\/li><li><strong>Kav\u010di\u0107, Marijana:<\/strong> <a href=\"https:\/\/melcominternational.eu\/wp-content\/uploads\/2022\/12\/MELCom2021_Collection-of-Persian-mss-1.pdf\" data-type=\"URL\" data-id=\"https:\/\/melcominternational.eu\/wp-content\/uploads\/2022\/12\/MELCom2021_Collection-of-Persian-mss-1.pdf\">The Persian Manuscript Collection of the National and University Library \u201cSt. Clement of Ohrid\u201d &#8211; Skopje: Overview and Cataloguing Issues<\/a><\/li><li><strong>Karaku\u015f, Harun:<\/strong> <a href=\"https:\/\/melcominternational.eu\/wp-content\/uploads\/2022\/12\/Hiperlink-MELCOM2021.pdf\" data-type=\"URL\" data-id=\"https:\/\/melcominternational.eu\/wp-content\/uploads\/2022\/12\/Hiperlink-MELCOM2021.pdf\">Introducing E-Resources in Turkish and Digital Tools for the Ottoman Print Materials<\/a><\/li><li><strong>Mansour, N.A. and Soliman, Jasmine:<\/strong> Developing Arabic Interfaces for Digital Archives and Digital Resources<\/li><li><strong>Sahakyan, Knarik:<\/strong> Cataloguing Arabic Manuscripts of the Matenadaran Collection: History, Present State and Challenges<\/li><li><strong>Sherbini, Magda el-: <\/strong><a href=\"https:\/\/melcominternational.eu\/wp-content\/uploads\/2022\/12\/MELCOM-presentation-May-2021.pptx.pdf\" data-type=\"URL\" data-id=\"https:\/\/melcominternational.eu\/wp-content\/uploads\/2022\/12\/MELCOM-presentation-May-2021.pptx.pdf\">Development of an Arabic Open Access Multilanguage Thesaurus Based on the Linked-Data Approach<\/a><\/li><li><strong>Tanriverdiyeva, Nuray:<\/strong> History of Azerbaijan Libraries &#8211; Central Scientific Library of Azerbaijan National Academy of Sciences<\/li><li><strong>Toler, Michael: <\/strong><a href=\"https:\/\/melcominternational.eu\/wp-content\/uploads\/2022\/12\/MELCom-2021-backup.pptx.pdf\" data-type=\"URL\" data-id=\"https:\/\/melcominternational.eu\/wp-content\/uploads\/2022\/12\/MELCom-2021-backup.pptx.pdf\">ARCHNET 3.0. Redeveloping a platform for greater accessibility and compatibility<\/a><\/li><li><strong>Tuncer, Harun:<\/strong> <a href=\"https:\/\/melcominternational.eu\/wp-content\/uploads\/2022\/12\/Wikilala-MELCOM21.pptx.pdf\" data-type=\"URL\" data-id=\"https:\/\/melcominternational.eu\/wp-content\/uploads\/2022\/12\/Wikilala-MELCOM21.pptx.pdf\">Google for Ottoman Turkish!<\/a><\/li><\/ul>\n<\/div>\n<\/div><\/div>\n","protected":false},"excerpt":{"rendered":"","protected":false},"author":1,"featured_media":268,"parent":0,"menu_order":0,"comment_status":"closed","ping_status":"closed","template":"","meta":{"_themeisle_gutenberg_block_has_review":false,"footnotes":""},"class_list":["post-475","page","type-page","status-publish","has-post-thumbnail","hentry"],"_links":{"self":[{"href":"https:\/\/melcominternational.eu\/index.php\/wp-json\/wp\/v2\/pages\/475","targetHints":{"allow":["GET"]}}],"collection":[{"href":"https:\/\/melcominternational.eu\/index.php\/wp-json\/wp\/v2\/pages"}],"about":[{"href":"https:\/\/melcominternational.eu\/index.php\/wp-json\/wp\/v2\/types\/page"}],"author":[{"embeddable":true,"href":"https:\/\/melcominternational.eu\/index.php\/wp-json\/wp\/v2\/users\/1"}],"replies":[{"embeddable":true,"href":"https:\/\/melcominternational.eu\/index.php\/wp-json\/wp\/v2\/comments?post=475"}],"version-history":[{"count":15,"href":"https:\/\/melcominternational.eu\/index.php\/wp-json\/wp\/v2\/pages\/475\/revisions"}],"predecessor-version":[{"id":1194,"href":"https:\/\/melcominternational.eu\/index.php\/wp-json\/wp\/v2\/pages\/475\/revisions\/1194"}],"wp:featuredmedia":[{"embeddable":true,"href":"https:\/\/melcominternational.eu\/index.php\/wp-json\/wp\/v2\/media\/268"}],"wp:attachment":[{"href":"https:\/\/melcominternational.eu\/index.php\/wp-json\/wp\/v2\/media?parent=475"}],"curies":[{"name":"wp","href":"https:\/\/api.w.org\/{rel}","templated":true}]}}