{"id":408,"date":"2022-12-16T16:51:58","date_gmt":"2022-12-16T16:51:58","guid":{"rendered":"https:\/\/melcominternational.eu\/?page_id=408"},"modified":"2024-06-12T08:32:07","modified_gmt":"2024-06-12T08:32:07","slug":"papers-2022","status":"publish","type":"page","link":"https:\/\/melcominternational.eu\/index.php\/papers-2022\/","title":{"rendered":"Papers 2022"},"content":{"rendered":"\n<div id=\"wp-block-themeisle-blocks-advanced-columns-e2db9c89\" class=\"wp-block-themeisle-blocks-advanced-columns has-1-columns has-desktop-equal-layout has-tablet-equal-layout has-mobile-equal-layout has-vertical-unset\"><div class=\"wp-block-themeisle-blocks-advanced-columns-overlay\"><\/div><div class=\"innerblocks-wrap\">\n<div id=\"wp-block-themeisle-blocks-advanced-column-e3601a83\" class=\"wp-block-themeisle-blocks-advanced-column\">\n<h2 class=\"wp-block-heading has-text-color has-large-font-size\" style=\"color:#009080\">Papers 2022<\/h2>\n\n\n\n<ul class=\"has-medium-font-size wp-block-list\">\n<li><strong>Adam, Volker:<\/strong> <a href=\"https:\/\/melcominternational.eu\/wp-content\/uploads\/2022\/12\/1_Adam.pdf\" data-type=\"URL\" data-id=\"https:\/\/melcominternational.eu\/wp-content\/uploads\/2022\/12\/1_Adam.pdf\">Making licensed digital materials from the MENA Region accessible for research in Germany \u2013 experiences of the FID Nahost (Halle)<\/a><\/li>\n\n\n\n<li><strong>Al\u0131yeva, <strong>Sahab<\/strong> and Mammadova, <strong>Samira<\/strong><\/strong>:&nbsp;<a href=\"https:\/\/melcominternational.eu\/wp-content\/uploads\/2022\/12\/HISTORY-OF-LIBRARY-WORK-IN-NAKHCHIVAN-11.pdf\" data-type=\"URL\" data-id=\"https:\/\/melcominternational.eu\/wp-content\/uploads\/2022\/12\/HISTORY-OF-LIBRARY-WORK-IN-NAKHCHIVAN-11.pdf\">History of library work in Nakhchivan, way of its development and current situation<\/a><\/li>\n\n\n\n<li><strong>Aydin, Selcuk and Kalin, Cihan:<\/strong> <a href=\"https:\/\/melcominternational.eu\/wp-content\/uploads\/2022\/12\/2_Aydin_Kalin.pdf\" data-type=\"URL\" data-id=\"https:\/\/melcominternational.eu\/wp-content\/uploads\/2022\/12\/2_Aydin_Kalin.pdf\">Cultural Heritage Digitization Process of Libraries in Turkey<\/a><\/li>\n\n\n\n<li><strong>Bayoumi, Hala:<\/strong> <a href=\"https:\/\/melcominternational.eu\/wp-content\/uploads\/2022\/12\/BAYOUMI_MELCOM2022-1.pdf\" data-type=\"URL\" data-id=\"https:\/\/melcominternational.eu\/wp-content\/uploads\/2022\/12\/BAYOUMI_MELCOM2022-1.pdf\">Cartes en ligne : Un outil de science ouverte \u2013 Syst\u00e8me d\u2019archivage dynamique et interactif de la cartoth\u00e8que du CEDEJ<\/a><\/li>\n\n\n\n<li><strong>Bensaadoun, Nouzha:<\/strong> <a href=\"https:\/\/melcominternational.eu\/wp-content\/uploads\/2022\/12\/Presentation-Marlbourg-2.pdf\" data-type=\"URL\" data-id=\"https:\/\/melcominternational.eu\/wp-content\/uploads\/2022\/12\/Presentation-Marlbourg-2.pdf\">Valorisation du livre manuscrit<\/a><\/li>\n\n\n\n<li><strong>Chakor Alami, Khalid and Guesdon, <strong>Marie-Genevi\u00e8ve<\/strong><\/strong>:<strong> <\/strong>Les manuscrits ayant appartenu \u00e0 Louis Massignon entr\u00e9s r\u00e9cemment \u00e0 la BnF<\/li>\n\n\n\n<li><strong>Emami, Mohammad and Mir-Ansari, Ali:<\/strong> <a href=\"https:\/\/melcominternational.eu\/wp-content\/uploads\/2022\/12\/Islamic-Manuscripts-Collection-at-the-Ferdowsi-Library-2022-05-10-1.pdf\">Islamic Manuscripts Collection at the Ferdowsi Library: Past and Present<\/a><\/li>\n\n\n\n<li><strong>Hussain, <strong>Shah<\/strong><\/strong>:&nbsp;<a href=\"https:\/\/melcominternational.eu\/wp-content\/uploads\/2022\/12\/Dr-Farhad-Daftary-Collection.odp_Shah-Hussain.pdf\" data-type=\"URL\" data-id=\"https:\/\/melcominternational.eu\/wp-content\/uploads\/2022\/12\/Dr-Farhad-Daftary-Collection.odp_Shah-Hussain.pdf\">Dr Farhad Daftary Collection at the Aga Khan Library, London<\/a><\/li>\n\n\n\n<li><strong>Lindermann, <strong>Colinda<\/strong> and Wollina, <strong>Torsten<\/strong><\/strong>:<strong>&nbsp; <\/strong><a href=\"https:\/\/melcominternational.eu\/wp-content\/uploads\/2022\/12\/Melcom_Presentation_Wollina_Lindermann-1.pdf\" data-type=\"URL\" data-id=\"https:\/\/melcominternational.eu\/wp-content\/uploads\/2022\/12\/Melcom_Presentation_Wollina_Lindermann-1.pdf\">What makes a good catalogue? A comparative approach<\/a><\/li>\n\n\n\n<li><strong>Makaryan, <strong>Venera<\/strong><\/strong>: <a href=\"https:\/\/melcominternational.eu\/wp-content\/uploads\/2022\/12\/Venera-Makaryan.presentation-2.pdf\" data-type=\"URL\" data-id=\"https:\/\/melcominternational.eu\/wp-content\/uploads\/2022\/12\/Venera-Makaryan.presentation-2.pdf\">Arabic medical manuscripts of the Matenadaran<\/a><\/li>\n\n\n\n<li><strong>Menz, <strong>Astrid<\/strong><\/strong>: <a href=\"https:\/\/melcominternational.eu\/wp-content\/uploads\/2022\/12\/Melcom_2022_Menz.pdf\" data-type=\"URL\" data-id=\"https:\/\/melcominternational.eu\/wp-content\/uploads\/2022\/12\/Melcom_2022_Menz.pdf\">The Near and Middle East-related collection of the Asien-Afrika-Institut of the Universit\u00e4t Hamburg<\/a><\/li>\n\n\n\n<li><strong>Ouerfelli, <strong>Tarek<\/strong><\/strong>:<strong>&nbsp; <\/strong><a href=\"https:\/\/melcominternational.eu\/wp-content\/uploads\/2022\/12\/Presentation-Ouerfelli-Melcom2022-1.pdf\" data-type=\"URL\" data-id=\"https:\/\/melcominternational.eu\/wp-content\/uploads\/2022\/12\/Presentation-Ouerfelli-Melcom2022-1.pdf\">Khaldounia num\u00e9rique : dispositif de mise en ligne et de valorisation des documents rares en Tunisie<\/a><\/li>\n\n\n\n<li><strong>P\u00f6kel, Hans-Peter:<\/strong> <a href=\"https:\/\/melcominternational.eu\/wp-content\/uploads\/2022\/12\/MELCOM-2022-Poekel-Libraries-and-Bookmarkets-in-Lebanon-in-Times-of-Crisis.pdf\" data-type=\"URL\" data-id=\"https:\/\/melcominternational.eu\/wp-content\/uploads\/2022\/12\/MELCOM-2022-Poekel-Libraries-and-Bookmarkets-in-Lebanon-in-Times-of-Crisis.pdf\">Libraries and Bookmarkets in Lebanon in Times of Crisis \u2013 Current Struggles and Future Perspectives<\/a><\/li>\n\n\n\n<li><strong>Rauch, <strong>Christoph<\/strong><\/strong>:<strong> <\/strong><a href=\"https:\/\/melcominternational.eu\/wp-content\/uploads\/2022\/12\/Rauch-Melcom-1705.pdf\" data-type=\"URL\" data-id=\"https:\/\/melcominternational.eu\/wp-content\/uploads\/2022\/12\/Rauch-Melcom-1705.pdf\">Tracing the History of Oriental manuscript collections: endeavors in the field of provenance research at the Berlin State Library<\/a><\/li>\n\n\n\n<li><strong>Rebhan, Helga:<\/strong> <a href=\"https:\/\/melcominternational.eu\/wp-content\/uploads\/2022\/12\/Rebhan_MI_Marburg-1.pdf\" data-type=\"URL\" data-id=\"https:\/\/melcominternational.eu\/wp-content\/uploads\/2022\/12\/Rebhan_MI_Marburg-1.pdf\">New acquisitions of Middle Eastern manuscripts in Munich in the 21th century<\/a><\/li>\n\n\n\n<li><strong>\u015eerik, G\u00fcne\u015f \u00c7etinkaya:<\/strong> <a href=\"https:\/\/melcominternational.eu\/wp-content\/uploads\/2022\/12\/3_Serik.pdf\" data-type=\"URL\" data-id=\"https:\/\/melcominternational.eu\/wp-content\/uploads\/2022\/12\/3_Serik.pdf\">ITU TMSC Digitization of Cultural Heritage of Turkish Music<\/a><\/li>\n\n\n\n<li><strong>Vrolijk, Arnoud:<\/strong> <a href=\"https:\/\/melcominternational.eu\/wp-content\/uploads\/2022\/12\/A-T-Ford-Upside-in-the-Sand_Vrolijk_MELCOM_2022_Marburg-2.pdf\">A T-Ford Upside Down in the Sand: the Yemeni Manuscripts at Leiden University Libraries<\/a><\/li>\n\n\n\n<li><strong>Younansardaroud<\/strong>, <strong>Helen<\/strong>: <a href=\"https:\/\/melcominternational.eu\/wp-content\/uploads\/2022\/12\/Transliteration-Classical-Syriac.-HY-New.pdf\" data-type=\"URL\" data-id=\"https:\/\/melcominternational.eu\/wp-content\/uploads\/2022\/12\/Transliteration-Classical-Syriac.-HY-New.pdf\">Brief Report on Transliteration attempts for the Cataloging of Classical Syriac Literature<\/a><\/li>\n<\/ul>\n\n\n\n<p><strong><br><\/strong><\/p>\n\n\n\n<p><\/p>\n\n\n\n<p><strong><br><\/strong><\/p>\n\n\n\n<p><\/p>\n\n\n\n<p><strong><br><\/strong><\/p>\n<\/div>\n<\/div><\/div>\n","protected":false},"excerpt":{"rendered":"","protected":false},"author":1,"featured_media":268,"parent":0,"menu_order":0,"comment_status":"closed","ping_status":"closed","template":"","meta":{"_themeisle_gutenberg_block_has_review":false,"footnotes":""},"class_list":["post-408","page","type-page","status-publish","has-post-thumbnail","hentry"],"_links":{"self":[{"href":"https:\/\/melcominternational.eu\/index.php\/wp-json\/wp\/v2\/pages\/408","targetHints":{"allow":["GET"]}}],"collection":[{"href":"https:\/\/melcominternational.eu\/index.php\/wp-json\/wp\/v2\/pages"}],"about":[{"href":"https:\/\/melcominternational.eu\/index.php\/wp-json\/wp\/v2\/types\/page"}],"author":[{"embeddable":true,"href":"https:\/\/melcominternational.eu\/index.php\/wp-json\/wp\/v2\/users\/1"}],"replies":[{"embeddable":true,"href":"https:\/\/melcominternational.eu\/index.php\/wp-json\/wp\/v2\/comments?post=408"}],"version-history":[{"count":25,"href":"https:\/\/melcominternational.eu\/index.php\/wp-json\/wp\/v2\/pages\/408\/revisions"}],"predecessor-version":[{"id":1455,"href":"https:\/\/melcominternational.eu\/index.php\/wp-json\/wp\/v2\/pages\/408\/revisions\/1455"}],"wp:featuredmedia":[{"embeddable":true,"href":"https:\/\/melcominternational.eu\/index.php\/wp-json\/wp\/v2\/media\/268"}],"wp:attachment":[{"href":"https:\/\/melcominternational.eu\/index.php\/wp-json\/wp\/v2\/media?parent=408"}],"curies":[{"name":"wp","href":"https:\/\/api.w.org\/{rel}","templated":true}]}}