{"id":1101,"date":"2023-02-27T16:42:52","date_gmt":"2023-02-27T16:42:52","guid":{"rendered":"https:\/\/melcominternational.eu\/?page_id=1101"},"modified":"2024-09-11T13:36:55","modified_gmt":"2024-09-11T13:36:55","slug":"digitised-manuscripts","status":"publish","type":"page","link":"https:\/\/melcominternational.eu\/index.php\/digitised-manuscripts\/","title":{"rendered":"Digitised Manuscripts"},"content":{"rendered":"\n<div id=\"wp-block-themeisle-blocks-advanced-columns-7c34df4f\" class=\"wp-block-themeisle-blocks-advanced-columns has-1-columns has-desktop-equal-layout has-tablet-equal-layout has-mobile-equal-layout has-vertical-top\"><div class=\"wp-block-themeisle-blocks-advanced-columns-overlay\"><\/div><div class=\"innerblocks-wrap\">\n<div id=\"wp-block-themeisle-blocks-advanced-column-740bb056\" class=\"wp-block-themeisle-blocks-advanced-column\">\n<h2 class=\"wp-block-heading has-text-color has-large-font-size\" style=\"color:#009080\">Digitised Manuscripts<\/h2>\n\n\n\n<p class=\"has-background\" style=\"background-color:#efebeb\">Below one can find a list with digitised manuscript projects, some achieved via international cooperation, some done by individual institutions and\/or countries. The list is in alphabetical order of countries of institutions. <br><br>This page requires an ongoing updating due to the fact that institutions have massively digitised their manuscript holdings and keep on doing so. If you would like to contribute feel free to inform the secretary who will forward this information to the webmaster.<\/p>\n\n\n\n<div id=\"wp-block-themeisle-blocks-accordion-5eb9d0cc\" class=\"wp-block-themeisle-blocks-accordion exclusive\">\n<details class=\"wp-block-themeisle-blocks-accordion-item\"><summary class=\"wp-block-themeisle-blocks-accordion-item__title\"><div>International<\/div><\/summary><div class=\"wp-block-themeisle-blocks-accordion-item__content\">\n<p class=\"has-background\" style=\"background-color:#efebeb\"><strong><a rel=\"noreferrer noopener\" href=\"https:\/\/www.loc.gov\/collections\/world-digital-library\/about-this-collection\/\" data-type=\"URL\" data-id=\"https:\/\/www.loc.gov\/collections\/world-digital-library\/about-this-collection\/\" target=\"_blank\">World Digital Library <\/a><\/strong>This collection contains cultural heritage materials gathered during the World Digital Library (WDL) project, including <a href=\"https:\/\/www.loc.gov\/search\/?fa=partof:world+digital+library+-+partner+items&amp;st=gallery\">thousands of items contributed by partner organizations<\/a> worldwide as well as content from Library of Congress collections. The original World Digital Library site (preserved in <a href=\"https:\/\/www.loc.gov\/item\/lcwaN0018836\/\">LC\u2019s Web Archives here<\/a>) and all descriptive metadata were translated from English and made available in six additional languages: Spanish, Portuguese, French, Arabic, Russian, and Chinese. Books, manuscripts, maps, and other primary materials in the WDL collection are presented in their original languages; more than 100 languages are represented, including many lesser known and endangered languages. Additionally, all World Digital Library metadata in each of the seven languages is available as a <a href=\"https:\/\/www.loc.gov\/item\/2020446966\/\">downloadable dataset<\/a>.<\/p>\n\n\n\n<p class=\"has-background\" style=\"background-color:#efebeb\"><strong><a rel=\"noreferrer noopener\" href=\"https:\/\/ismi.mpiwg-berlin.mpg.de\/\" data-type=\"URL\" data-id=\"https:\/\/ismi.mpiwg-berlin.mpg.de\/\" target=\"_blank\">The Islamic scientific manuscript initiative (ISMI)<\/a><\/strong> represents a collaborative<br>effort between the Institute of Islamic Studies (IIS) at McGill University in Montreal, Canada, and the Max Planck Institute for the History of Science (MPIWG) in Berlin, Germany. At the IIS, ISMI researchers, and their colleagues at the related <a rel=\"noreferrer noopener\" href=\"https:\/\/islamsci.mcgill.ca\/RASI\/pipdi.html\" data-type=\"URL\" data-id=\"https:\/\/islamsci.mcgill.ca\/RASI\/pipdi.html\" target=\"_blank\">Postclassical Islamic Philosophy Database Initiative (PIPDI)<\/a>, have collected over 600,000 images from some 4,000 codices that have been the subject of in-depth examination. <\/p>\n<\/div><\/details>\n\n\n\n<details class=\"wp-block-themeisle-blocks-accordion-item\"><summary class=\"wp-block-themeisle-blocks-accordion-item__title\"><div>Bulgaria<\/div><\/summary><div class=\"wp-block-themeisle-blocks-accordion-item__content\">\n<p class=\"has-background\" style=\"background-color:#efebeb\"><strong><a rel=\"noreferrer noopener\" href=\"https:\/\/www.nationallibrary.bg\/www\/%d0%b4%d0%b8%d0%b3%d0%b8%d1%82%d0%b0%d0%bb%d0%bd%d0%b0-%d0%b1%d0%b8%d0%b1%d0%bb%d0%b8%d0%be%d1%82%d0%b5%d0%ba%d0%b0\/\" data-type=\"URL\" data-id=\"https:\/\/www.nationallibrary.bg\/www\/%d0%b4%d0%b8%d0%b3%d0%b8%d1%82%d0%b0%d0%bb%d0%bd%d0%b0-%d0%b1%d0%b8%d0%b1%d0%bb%d0%b8%d0%be%d1%82%d0%b5%d0%ba%d0%b0\/\" target=\"_blank\">St. Cyril and Methodius National Library<\/a><\/strong>: The Digital Library is structured in<br>several collections according to the type of the included documents. The different collections are subdivided in separate sections, among them Arabic, Turkish and Persian manuscripts, Defters and Sijills.<\/p>\n<\/div><\/details>\n\n\n\n<details class=\"wp-block-themeisle-blocks-accordion-item\"><summary class=\"wp-block-themeisle-blocks-accordion-item__title\"><div>France<\/div><\/summary><div class=\"wp-block-themeisle-blocks-accordion-item__content\">\n<p class=\"has-background\" style=\"background-color:#efebeb\"><strong><a rel=\"noreferrer noopener\" href=\"https:\/\/num.bulac.fr\/collections\" data-type=\"URL\" data-id=\"https:\/\/num.bulac.fr\/collections\" target=\"_blank\">Bulac (Biblioth\u00e8que universitaire des langues et civilisations)<\/a><\/strong>: The digitised collections contain manuscripts and early printed material as well as periodicals.<\/p>\n\n\n\n<p class=\"has-background\" style=\"background-color:#efebeb\"><strong><a rel=\"noreferrer noopener\" href=\"https:\/\/gallica.bnf.fr\/accueil\/en\/content\/accueil-en?mode=desktop\" data-type=\"URL\" data-id=\"https:\/\/gallica.bnf.fr\/accueil\/en\/content\/accueil-en?mode=desktop\" target=\"_blank\">Gallica<\/a><\/strong>: All Arabic manuscripts (7355), more than 800 Persian manuscripts, 925 Turkish manuscripts kept at the BNF are available since 2019. Some from the microfilmed version therefore in black and white. To find them do a search advanced: enter \u201cArabic\u201d, \u201cPersian\u201d or \u201cTurkish\u201d in the \u201csource\u201d window and check \u201cmanuscripts\u201d for document type.<\/p>\n\n\n\n<p class=\"has-background\" style=\"background-color:#efebeb\"><strong><a rel=\"noreferrer noopener\" href=\"https:\/\/cinumed.mmsh.univ-aix.fr\/\" data-type=\"URL\" data-id=\"https:\/\/cinumed.mmsh.univ-aix.fr\/\" target=\"_blank\">e-Mediath\u00e8que:<\/a><\/strong> The multilingual digital library contains scientific and documentary heritage (archives, iconography, printed matter and manuscripts\u2026) in human and social sciences on the Mediterranean. This site presents images and a catalogue of the Ars\u00e8ne Roux collection (Arabic and Berber manuscripts) at the Maison M\u00e9diterran\u00e9enne des Sciences de Man, Aix-en-Provence.<\/p>\n<\/div><\/details>\n\n\n\n<details class=\"wp-block-themeisle-blocks-accordion-item\"><summary class=\"wp-block-themeisle-blocks-accordion-item__title\"><div>Germany<\/div><\/summary><div class=\"wp-block-themeisle-blocks-accordion-item__content\">\n<p class=\"has-background\" style=\"background-color:#efebeb\"><strong><a rel=\"noreferrer noopener\" href=\"https:\/\/www.qalamos.net\/content\/index.xed?lang=en\" target=\"_blank\">Qalamos<\/a><\/strong> provides direct access to metadata and digitised copies of Oriental manuscript collections in Germany and contains about 135.000 datasets describing 120.000 physical objects written in 160 languages and 80 scripts. Qalamos aims at providing the metadata and digitised copies of all manuscript collections kept in German libraries and so called memory institutions.<\/p>\n<\/div><\/details>\n\n\n\n<details class=\"wp-block-themeisle-blocks-accordion-item\"><summary class=\"wp-block-themeisle-blocks-accordion-item__title\"><div>Ireland<\/div><\/summary><div class=\"wp-block-themeisle-blocks-accordion-item__content\">\n<p class=\"has-background\" style=\"background-color:#efebeb\"><strong><a rel=\"noreferrer noopener\" href=\"https:\/\/chesterbeatty.ie\/explore\/places\/\" data-type=\"URL\" data-id=\"https:\/\/chesterbeatty.ie\/explore\/places\/\" target=\"_blank\">The Chester Beatty Library<\/a><\/strong>: Over 6,000 individual items, mainly manuscripts and single-page paintings and calligraphies, make up the Islamic Collections. This gallery contains around 100 images of single pages of these manuscripts.<\/p>\n<\/div><\/details>\n\n\n\n<details class=\"wp-block-themeisle-blocks-accordion-item\"><summary class=\"wp-block-themeisle-blocks-accordion-item__title\"><div>Israel<\/div><\/summary><div class=\"wp-block-themeisle-blocks-accordion-item__content\">\n<p class=\"has-background\" style=\"background-color:#efebeb\"><strong><a rel=\"noreferrer noopener\" href=\"https:\/\/www.nli.org.il\/en\/discover\/manuscripts\" data-type=\"URL\" data-id=\"https:\/\/www.nli.org.il\/en\/discover\/manuscripts\" target=\"_blank\">The National Library of Israel<\/a><\/strong> : Digitised manuscripts of the Islamic collections gradually added to the site as well as a large collection of Ketubbot (marriage contracts) from various countries including Middle East and North Africa and Ktiv the international collection of Hebrew manuscripts all over the world. The collection of Arabic newpapers of Ottoman and mandatory Palestine may be viewed here.<br>Also of interest are the cartographic collection of the region as well as some<br>photographic images of Palestine-Israel.<\/p>\n<\/div><\/details>\n\n\n\n<details class=\"wp-block-themeisle-blocks-accordion-item\"><summary class=\"wp-block-themeisle-blocks-accordion-item__title\"><div>Italy<\/div><\/summary><div class=\"wp-block-themeisle-blocks-accordion-item__content\">\n<p class=\"has-background\" style=\"background-color:#efebeb\"><a href=\"https:\/\/www.bncf.firenze.sbn.it\/collezioni-digitalizzate\/\" data-type=\"URL\" data-id=\"https:\/\/www.bncf.firenze.sbn.it\/collezioni-digitalizzate\/\" target=\"_blank\" rel=\"noreferrer noopener\"><strong>Biblioteca Nazionale Centrale di Firenze<\/strong> <\/a>has digitised its entire collection of<br>Arabic manuscripts (137 mss, 34 000 images).<\/p>\n<\/div><\/details>\n\n\n\n<details class=\"wp-block-themeisle-blocks-accordion-item\"><summary class=\"wp-block-themeisle-blocks-accordion-item__title\"><div>Japan<\/div><\/summary><div class=\"wp-block-themeisle-blocks-accordion-item__content\">\n<p class=\"has-background\" style=\"background-color:#efebeb\"><strong><a rel=\"noreferrer noopener\" href=\"https:\/\/ricasdb.ioc.u-tokyo.ac.jp\/daiber\/db_index_eng.html\" data-type=\"URL\" data-id=\"https:\/\/ricasdb.ioc.u-tokyo.ac.jp\/daiber\/db_index_eng.html\" target=\"_blank\">Daiber Collection Database<\/a><\/strong> is the corpus of manuscripts mainly focused on<br>Arabic, collected by Dr. Hans Daiber, a professor of Islamic studies in Germany, over many years. Institute of Oriental Culture, University of Tokyo purchased the collection, its first part in 1986-1987 and its second part in 1994.This searching system is released for using the original catalogue attached and the digitized images of Daiber collection at the same time.<\/p>\n<\/div><\/details>\n\n\n\n<details class=\"wp-block-themeisle-blocks-accordion-item\"><summary class=\"wp-block-themeisle-blocks-accordion-item__title\"><div>Lebanon<\/div><\/summary><div class=\"wp-block-themeisle-blocks-accordion-item__content\">\n<p class=\"has-background\" style=\"background-color:#efebeb\"><strong><a href=\"https:\/\/lib-webarchive.aub.edu.lb\/BorreLudvigsen\/https:\/\/almashriq.hiof.no\/ddc\/\" data-type=\"URL\" data-id=\"https:\/\/lib-webarchive.aub.edu.lb\/BorreLudvigsen\/https:\/\/almashriq.hiof.no\/ddc\/\" target=\"_blank\" rel=\"noreferrer noopener\">American University in Beyrouth<\/a><\/strong> has put online 127 Arabic manuscripts, among the 1800 kept in the library. They has been digitised in two stages: In 2005 only the first five and the last five pages of the <a href=\"https:\/\/lib-webarchive.aub.edu.lb\/BorreLudvigsen\/https:\/almashriq.hiof.no\/ddc\/\" data-type=\"link\" data-id=\"https:\/\/lib-webarchive.aub.edu.lb\/BorreLudvigsen\/https:\/almashriq.hiof.no\/ddc\/\" target=\"_blank\" rel=\"noreferrer noopener\">27 manuscript<\/a><a href=\"https:\/\/lib-webarchive.aub.edu.lb\/BorreLudvigsen\/https:\/almashriq.hiof.no\/ddc\/\" data-type=\"link\" data-id=\"https:\/\/lib-webarchive.aub.edu.lb\/BorreLudvigsen\/https:\/almashriq.hiof.no\/ddc\/\">s<\/a> are available online. In 2021 around 100 manuscripts of the <a href=\"https:\/\/libraries.aub.edu.lb\/digital-collections\/collection\/manuscripts;jsessionid=node01nj4owftwr2gi16n4wqzu9u7p16715.node0\" data-type=\"link\" data-id=\"https:\/\/libraries.aub.edu.lb\/digital-collections\/collection\/manuscripts;jsessionid=node01nj4owftwr2gi16n4wqzu9u7p16715.node0\" target=\"_blank\" rel=\"noreferrer noopener\">Issa Iskandar al-Ma&#8217;luf collection<\/a> has bee digitised by the EAP grant 1423 of the British Library.<\/p>\n<\/div><\/details>\n\n\n\n<details class=\"wp-block-themeisle-blocks-accordion-item\"><summary class=\"wp-block-themeisle-blocks-accordion-item__title\"><div>Mauritania<\/div><\/summary><div class=\"wp-block-themeisle-blocks-accordion-item__content\">\n<p class=\"has-background\" style=\"background-color:#efebeb\"><strong><a rel=\"noreferrer noopener\" href=\"https:\/\/omar.ub.uni-freiburg.de\/en\/\" data-type=\"URL\" data-id=\"https:\/\/omar.ub.uni-freiburg.de\/en\/\" target=\"_blank\">OMAR (Oriental Manuscript Resource)<\/a><\/strong> Built at the University of Freiburg<br>(Germany), in cooperation with the Center of Informatics of the Unversity of<br>T\u00fcbingen (Germany), the databank contains images of approx. 2.500 Arabic<br>manuscripts from Mauritania together with the corresponding bibliographical metadata. The scans were taken from microfilms, stored at the University of Freiburg, whose originals are preserved at the IMRS (Institut Mauritanien de Recherche Scientifique) in Nouakchott (Mauritania). The microfilms where made by Rainer O\u00dfwald, Ulrich Rebstock and Tobias Mayer during several research trips in Mauritania between 1979 and 1997.<\/p>\n<\/div><\/details>\n\n\n\n<details class=\"wp-block-themeisle-blocks-accordion-item\"><summary class=\"wp-block-themeisle-blocks-accordion-item__title\"><div>Saudi Arabia<\/div><\/summary><div class=\"wp-block-themeisle-blocks-accordion-item__content\">\n<p class=\"has-background\" style=\"background-color:#efebeb\"><strong><a href=\"https:\/\/makhtota.ksu.edu.sa\/MakhtotaEnglish.aspx\" data-type=\"URL\" data-id=\"https:\/\/makhtota.ksu.edu.sa\/MakhtotaEnglish.aspx\" target=\"_blank\" rel=\"noreferrer noopener\">King Saud University<\/a><\/strong> has 11 000 manuscripts digitised with descriptive records : in English or in Arabic.<\/p>\n<\/div><\/details>\n\n\n\n<details class=\"wp-block-themeisle-blocks-accordion-item\"><summary class=\"wp-block-themeisle-blocks-accordion-item__title\"><div>United Kingdom<\/div><\/summary><div class=\"wp-block-themeisle-blocks-accordion-item__content\">\n<p class=\"has-background\" style=\"background-color:#efebeb\"><strong><a rel=\"noreferrer noopener\" href=\"https:\/\/cudl.lib.cam.ac.uk\/\" data-type=\"URL\" data-id=\"https:\/\/cudl.lib.cam.ac.uk\/\" target=\"_blank\">Cambridge Digital Library \u2013 Islamic manuscripts<\/a><\/strong> : a selection of digitised manuscripts, containing Quran fragments, unique copies, scientific works and Persian literature.<\/p>\n\n\n\n<p class=\"has-background\" style=\"background-color:#efebeb\"><strong><a rel=\"noreferrer noopener\" href=\"https:\/\/digital.bodleian.ox.ac.uk\/collections\/masterpieces-of-the-non-western-book\/\" data-type=\"URL\" data-id=\"https:\/\/digital.bodleian.ox.ac.uk\/collections\/masterpieces-of-the-non-western-book\/\" target=\"_blank\">Oxford, Bodleian Library \u2013 Masterpieces of the non-Western book <\/a><\/strong>Illustrated and illuminated manuscripts from the Hebrew, Islamic, and South Asian collections acquired by the Bodleian Library, through the activities of collectors in the 17th, 18th, and 19th centuries.<\/p>\n\n\n\n<p class=\"has-background\" style=\"background-color:#efebeb\"><a href=\"http:\/\/wamcp.bibalex.org\/\" data-type=\"URL\" data-id=\"http:\/\/wamcp.bibalex.org\/\" target=\"_blank\" rel=\"noreferrer noopener\"><strong>Wellcome Arabic Manuscripts Online<\/strong> <\/a>The Arabic manuscripts collection of the Wellcome Library (London) comprises around 1000 manuscript books and fragments relating to the history of medicine. For the first time this website enables a substantial proportion of this collection to be consulted online via high-quality digital images of entire manuscripts and associated rich metadata.<\/p>\n<\/div><\/details>\n\n\n\n<details class=\"wp-block-themeisle-blocks-accordion-item\"><summary class=\"wp-block-themeisle-blocks-accordion-item__title\"><div>United States<\/div><\/summary><div class=\"wp-block-themeisle-blocks-accordion-item__content\">\n<p class=\"has-background\" style=\"background-color:#efebeb\"><strong><a href=\"https:\/\/asia.si.edu\/explore-art-culture\/collections\/collections-areas\/islamic\/\" data-type=\"URL\" data-id=\"https:\/\/asia.si.edu\/explore-art-culture\/collections\/collections-areas\/islamic\/\" target=\"_blank\" rel=\"noreferrer noopener\">Freer-Sackler \u2013 The Smithsonian\u2019s museums of Asian Art \u2013 Arts of the<br>Islamic World<\/a><\/strong> Digitized images of a collection of 9th\u201319th-century Korans (intact volumes and detached folios) from Iran, the Arab world, and Turkey, and a collection of illustrated and illuminated manuscripts from Iran and the Arab world, including the Divan (Collected poems) of Sultan Ahmad Jalayir, ca. 1400; Haft Awrang (Seven Thrones) by Jami, dated 1556\u201366; and the largest number of illustrations from the 14th-century Mongol Shahnama (Book of Kings).<\/p>\n\n\n\n<p class=\"has-background\" style=\"background-color:#efebeb\"><strong><a href=\"https:\/\/digital.library.ucla.edu\/catalog\/ark:\/21198\/zz000wrmkf\" data-type=\"URL\" data-id=\"https:\/\/digital.library.ucla.edu\/catalog\/ark:\/21198\/zz000wrmkf\" target=\"_blank\" rel=\"noreferrer noopener\">Caro Minasian Collection of Persian and Arabic Manuscripts<\/a><\/strong> The Minasian Collection of Arabic and Persian manuscripts is one of the most extensive post-classical Islamic manuscript collections in the United States. The collection primarily consists of works related to the studies of theologians and scholars at centers of learning in Iran during the 17th and 18th centuries, and is especially notable for works of Shiite theology, Arabic and Persian language and literature, and Islamic science and philosophy. The digital collection includes over 320 manuscripts (almost 100,000 pages).<\/p>\n\n\n\n<p class=\"has-background\" style=\"background-color:#efebeb\"><strong><a rel=\"noreferrer noopener\" href=\"https:\/\/library.harvard.edu\/collections\/islamic-heritage-project\" data-type=\"URL\" data-id=\"https:\/\/library.harvard.edu\/collections\/islamic-heritage-project\" target=\"_blank\">The Islamic Heritage Project <\/a><\/strong>collection includes over 280 manuscripts, selected from Houghton Library and the Harvard Art Museum\/Arthur M. Sackler Museum.<\/p>\n\n\n\n<p class=\"has-background\" style=\"background-color:#efebeb\"><strong><a rel=\"noreferrer noopener\" href=\"https:\/\/www.lib.umich.edu\/collections\/collecting-areas\/special-collections-and-archives\/islamic-manuscripts\" data-type=\"URL\" data-id=\"https:\/\/www.lib.umich.edu\/collections\/collecting-areas\/special-collections-and-archives\/islamic-manuscripts\" target=\"_blank\">Islamic Manuscripts at Michigan<\/a><\/strong> The Islamic manuscripts collection covers subjects including the Qur\u2019an and its sciences, hadith, theology, jurisprudence (fiqh), Sufism, philosophy, mathematics, astronomy, rhetoric, grammar, poetry, history, geography, and medicine. The HathiTrust Digital Library has almost all <a href=\"https:\/\/babel.hathitrust.org\/cgi\/mb?a=listis;c=1961411403\">of the manuscripts<\/a> available for viewing and download.<\/p>\n\n\n\n<p class=\"has-background\" style=\"background-color:#efebeb\"><strong><a href=\"https:\/\/www.loc.gov\/collections\/islamic-manuscripts-from-mali\/about-this-collection\/\" data-type=\"URL\" data-id=\"https:\/\/www.loc.gov\/collections\/islamic-manuscripts-from-mali\/about-this-collection\/\" target=\"_blank\" rel=\"noreferrer noopener\">Islamic manuscripts from Mali<\/a><\/strong> This online collection contains over 30 digitized manuscripts from the Mamma Haidara Commemorative Library and the Library of Cheick Zayni Baye of Boujbeha, both located in Timbuktu, Mali. This collection was originally made available as Islamic Manuscripts from Mali, as part of the Global Gateways initiative.<\/p>\n\n\n\n<p class=\"has-background\" style=\"background-color:#efebeb\"><strong><a rel=\"noreferrer noopener\" href=\"https:\/\/dpul.princeton.edu\/islamicmss\/feature\/yemeni-manuscripts-digitization-initiative\" data-type=\"URL\" data-id=\"https:\/\/dpul.princeton.edu\/islamicmss\/feature\/yemeni-manuscripts-digitization-initiative\" target=\"_blank\">The Yemeni Manuscript Digitization Initiative<\/a><\/strong> presents access to<br>manuscripts from three private libraries in Sanaa, Yemen, and virtually conjoins them to additional Yemeni manuscripts held by the Princeton University Library and Staatsbibliothek, Berlin. The texts in this archive were composed, copied, studied, and preserved by Zaydi scholars from the 10th century to the present.<\/p>\n<\/div><\/details>\n<\/div>\n<\/div>\n<\/div><\/div>\n","protected":false},"excerpt":{"rendered":"","protected":false},"author":1,"featured_media":268,"parent":0,"menu_order":0,"comment_status":"closed","ping_status":"closed","template":"","meta":{"_themeisle_gutenberg_block_has_review":false,"footnotes":""},"class_list":["post-1101","page","type-page","status-publish","has-post-thumbnail","hentry"],"_links":{"self":[{"href":"https:\/\/melcominternational.eu\/index.php\/wp-json\/wp\/v2\/pages\/1101","targetHints":{"allow":["GET"]}}],"collection":[{"href":"https:\/\/melcominternational.eu\/index.php\/wp-json\/wp\/v2\/pages"}],"about":[{"href":"https:\/\/melcominternational.eu\/index.php\/wp-json\/wp\/v2\/types\/page"}],"author":[{"embeddable":true,"href":"https:\/\/melcominternational.eu\/index.php\/wp-json\/wp\/v2\/users\/1"}],"replies":[{"embeddable":true,"href":"https:\/\/melcominternational.eu\/index.php\/wp-json\/wp\/v2\/comments?post=1101"}],"version-history":[{"count":15,"href":"https:\/\/melcominternational.eu\/index.php\/wp-json\/wp\/v2\/pages\/1101\/revisions"}],"predecessor-version":[{"id":1498,"href":"https:\/\/melcominternational.eu\/index.php\/wp-json\/wp\/v2\/pages\/1101\/revisions\/1498"}],"wp:featuredmedia":[{"embeddable":true,"href":"https:\/\/melcominternational.eu\/index.php\/wp-json\/wp\/v2\/media\/268"}],"wp:attachment":[{"href":"https:\/\/melcominternational.eu\/index.php\/wp-json\/wp\/v2\/media?parent=1101"}],"curies":[{"name":"wp","href":"https:\/\/api.w.org\/{rel}","templated":true}]}}