{"id":1091,"date":"2023-02-27T16:16:08","date_gmt":"2023-02-27T16:16:08","guid":{"rendered":"https:\/\/melcominternational.eu\/?page_id=1091"},"modified":"2023-02-27T16:40:20","modified_gmt":"2023-02-27T16:40:20","slug":"virtual-manuscript-exhibitions","status":"publish","type":"page","link":"https:\/\/melcominternational.eu\/index.php\/virtual-manuscript-exhibitions\/","title":{"rendered":"Virtual Manuscript Exhibitions"},"content":{"rendered":"\n<div id=\"wp-block-themeisle-blocks-advanced-columns-26cd0967\" class=\"wp-block-themeisle-blocks-advanced-columns has-1-columns has-desktop-equal-layout has-tablet-equal-layout has-mobile-equal-layout has-vertical-unset\"><div class=\"wp-block-themeisle-blocks-advanced-columns-overlay\"><\/div><div class=\"innerblocks-wrap\">\n<div id=\"wp-block-themeisle-blocks-advanced-column-79596499\" class=\"wp-block-themeisle-blocks-advanced-column\">\n<h2 class=\"has-text-color has-large-font-size wp-block-heading\" style=\"color:#009080\">Virtual Manuscript Exhibitions<\/h2>\n<\/div>\n<\/div><\/div>\n\n\n\n<ul class=\"has-medium-font-size wp-block-list\"><li><strong><a rel=\"noreferrer noopener\" href=\"http:\/\/expositions.bnf.fr\/islam\/\" data-type=\"URL\" data-id=\"http:\/\/expositions.bnf.fr\/islam\/\" target=\"_blank\">Enluminures en islam<\/a><\/strong> &#8211; Biblioth\u00e8que nationale de France, Paris<\/li><li><strong><a rel=\"noreferrer noopener\" href=\"http:\/\/editions.bnf.fr\/lart-du-livre-arabe-du-manuscrit-au-livre-dartiste\" data-type=\"URL\" data-id=\"http:\/\/editions.bnf.fr\/lart-du-livre-arabe-du-manuscrit-au-livre-dartiste\" target=\"_blank\">L\u2019Art du livre arabe<\/a><\/strong> &#8211; Biblioth\u00e8que nationale de France, Paris<\/li><li><strong><a rel=\"noreferrer noopener\" href=\"https:\/\/www.repository.cam.ac.uk\/handle\/1810\/262096\" data-type=\"URL\" data-id=\"https:\/\/www.repository.cam.ac.uk\/handle\/1810\/262096\" target=\"_blank\">Faith and Fable<\/a><\/strong> : Islamic manuscripts from Cambridge University Library<\/li><li><strong><a href=\"https:\/\/fitzmuseum.cam.ac.uk\/research\/online-resources\/the-shahnameh-a-persian-cultural-emblem-and-a-timeless-masterpiece\" data-type=\"URL\" data-id=\"https:\/\/fitzmuseum.cam.ac.uk\/research\/online-resources\/the-shahnameh-a-persian-cultural-emblem-and-a-timeless-masterpiece\">The Shahnameh : a Persian cultural emblem and a timeless masterpiece<\/a><\/strong> &#8211; The Fitzwilliam Museum, Cambridge<\/li><li><strong><a rel=\"noreferrer noopener\" href=\"http:\/\/expositions.bnf.fr\/splendeurs\/anglais\/mframe0.htm\" data-type=\"URL\" data-id=\"http:\/\/expositions.bnf.fr\/splendeurs\/anglais\/mframe0.htm\" target=\"_blank\">Splendeurs persanes<\/a><\/strong> &#8211; Biblioth\u00e8que nationale de France, Paris<\/li><li><strong><a rel=\"noreferrer noopener\" href=\"https:\/\/homepage.univie.ac.at\/ebba.koch\/main.htm\" data-type=\"URL\" data-id=\"https:\/\/homepage.univie.ac.at\/ebba.koch\/main.htm\" target=\"_blank\">Virtuelles Museum islamischer Kunst <\/a><\/strong>&#8211; \u00d6sterreichische Nationalbibliothek and six other museums in Vienna<\/li><li><strong><a rel=\"noreferrer noopener\" href=\"https:\/\/iismm.hypotheses.org\/35232\" data-type=\"URL\" data-id=\"https:\/\/iismm.hypotheses.org\/35232\" target=\"_blank\">Des manuscrits entre traces et effacements<\/a><\/strong> &#8211; Maison m\u00e9diterran\u00e9enne des sciences de l\u2019homme, Aix-en-Provence<\/li><li><strong><a rel=\"noreferrer noopener\" href=\"https:\/\/www.slv.vic.gov.au\/search-discover\/galleries\/love-devotion\" data-type=\"URL\" data-id=\"https:\/\/www.slv.vic.gov.au\/search-discover\/galleries\/love-devotion\" target=\"_blank\">Love and devotion : from Persia and beyond<\/a><\/strong> &#8211; State Library of Victoria, Keith Murdoch Gallery, Melbourne ; Bodleian Library, Oxford<\/li><li><strong><a href=\"https:\/\/expositions.nlr.ru\/eng\/ex_manus\/Koran\/\" data-type=\"URL\" data-id=\"https:\/\/expositions.nlr.ru\/eng\/ex_manus\/Koran\/\" target=\"_blank\" rel=\"noreferrer noopener\">Early Qur\u2019ans from the J. J. Marcel\u2019s collectio<\/a><\/strong>n &#8211; The National library of Russia, St Petersburg<\/li><li><strong><a href=\"https:\/\/digital.library.mcgill.ca\/shahnameh\/index.php\" data-type=\"URL\" data-id=\"https:\/\/digital.library.mcgill.ca\/shahnameh\/index.php\" target=\"_blank\" rel=\"noreferrer noopener\">Shahnameh by Ferdowsi :Never hence would I die for I am alive\/ having sown the seeds of poetry<\/a><\/strong> &#8211; McGill University Library<\/li><li><strong><a href=\"https:\/\/digital.library.mcgill.ca\/islamic_calligraphy\/index.php\" data-type=\"URL\" data-id=\"https:\/\/digital.library.mcgill.ca\/islamic_calligraphy\/index.php\" target=\"_blank\" rel=\"noreferrer noopener\">Islamic calligraphy from the Islamic rare books collection :Beautiful calligraphy ensures entrance to Paradise<\/a><\/strong> &#8211; McGill University Library<\/li><li><strong><a href=\"https:\/\/thewalters.org\/exhibitions\/islamic-manuscripts\/\" data-type=\"URL\" data-id=\"https:\/\/thewalters.org\/exhibitions\/islamic-manuscripts\/\" target=\"_blank\" rel=\"noreferrer noopener\">Poetry and prayer : Islamic manuscripts from the Walters<\/a><\/strong> &#8211; The Walters Art Museum, Baltimore<\/li><li><strong><a href=\"http:\/\/classes.bnf.fr\/idrisi\/\" data-type=\"URL\" data-id=\"http:\/\/classes.bnf.fr\/idrisi\/\" target=\"_blank\" rel=\"noreferrer noopener\">Al-Idr\u00ees\u00ee : la M\u00e9diterran\u00e9e au XIIe si\u00e8cle<\/a><\/strong> &#8211; Biblioth\u00e8que nationale de France<\/li><li><strong><a href=\"https:\/\/www.themorgan.org\/collection\/treasures-of-islamic-manuscript-painting\" data-type=\"URL\" data-id=\"https:\/\/www.themorgan.org\/collection\/treasures-of-islamic-manuscript-painting\" target=\"_blank\" rel=\"noreferrer noopener\">Treasures of Islamic Manuscript Painting from the Morgan<\/a><\/strong> &#8211; Morgan Library and Museum, New York<\/li><li><strong><a href=\"https:\/\/libraries.indiana.edu\/lilly-library\/pen-printing-press\" data-type=\"URL\" data-id=\"https:\/\/libraries.indiana.edu\/lilly-library\/pen-printing-press\" target=\"_blank\" rel=\"noreferrer noopener\">From pen to printing press: ten centuries of Islamic book arts collections<\/a><\/strong> &#8211; Indiana University<\/li><li><strong><a href=\"https:\/\/exhibitions.library.columbia.edu\/exhibits\/show\/quran\" data-type=\"URL\" data-id=\"https:\/\/exhibitions.library.columbia.edu\/exhibits\/show\/quran\" target=\"_blank\" rel=\"noreferrer noopener\">The Quran in East and West : manuscripts and printed books<\/a><\/strong> &#8211; Columbia University Libraries<\/li><\/ul>\n","protected":false},"excerpt":{"rendered":"<p>Enluminures en islam &#8211; Biblioth\u00e8que nationale de France, Paris L\u2019Art du livre arabe &#8211; Biblioth\u00e8que nationale de France, Paris Faith and Fable : Islamic manuscripts from Cambridge University Library The Shahnameh : a Persian cultural emblem and a timeless masterpiece &#8211; The Fitzwilliam Museum, Cambridge Splendeurs persanes &#8211; Biblioth\u00e8que nationale de France, Paris Virtuelles Museum &hellip; <\/p>\n<p class=\"link-more\"><a href=\"https:\/\/melcominternational.eu\/index.php\/virtual-manuscript-exhibitions\/\" class=\"more-link\">Continue reading<span class=\"screen-reader-text\"> &#8220;Virtual Manuscript Exhibitions&#8221;<\/span><\/a><\/p>\n","protected":false},"author":1,"featured_media":268,"parent":0,"menu_order":0,"comment_status":"closed","ping_status":"closed","template":"","meta":{"_themeisle_gutenberg_block_has_review":false,"footnotes":""},"class_list":["post-1091","page","type-page","status-publish","has-post-thumbnail","hentry"],"_links":{"self":[{"href":"https:\/\/melcominternational.eu\/index.php\/wp-json\/wp\/v2\/pages\/1091","targetHints":{"allow":["GET"]}}],"collection":[{"href":"https:\/\/melcominternational.eu\/index.php\/wp-json\/wp\/v2\/pages"}],"about":[{"href":"https:\/\/melcominternational.eu\/index.php\/wp-json\/wp\/v2\/types\/page"}],"author":[{"embeddable":true,"href":"https:\/\/melcominternational.eu\/index.php\/wp-json\/wp\/v2\/users\/1"}],"replies":[{"embeddable":true,"href":"https:\/\/melcominternational.eu\/index.php\/wp-json\/wp\/v2\/comments?post=1091"}],"version-history":[{"count":6,"href":"https:\/\/melcominternational.eu\/index.php\/wp-json\/wp\/v2\/pages\/1091\/revisions"}],"predecessor-version":[{"id":1323,"href":"https:\/\/melcominternational.eu\/index.php\/wp-json\/wp\/v2\/pages\/1091\/revisions\/1323"}],"wp:featuredmedia":[{"embeddable":true,"href":"https:\/\/melcominternational.eu\/index.php\/wp-json\/wp\/v2\/media\/268"}],"wp:attachment":[{"href":"https:\/\/melcominternational.eu\/index.php\/wp-json\/wp\/v2\/media?parent=1091"}],"curies":[{"name":"wp","href":"https:\/\/api.w.org\/{rel}","templated":true}]}}